
Is 32297 a prime number?
True
Is 141509 a composite number?
False
Is 37409 prime?
True
Is 99989 prime?
True
Is 1531769 a prime number?
True
Is 185149 a composite number?
False
Is 3659 a prime number?
True
Is 35023 a composite number?
False
Is 7814 a composite number?
True
Is 631 a composite number?
False
Is 108055 a prime number?
False
Is 18933 composite?
True
Is 491179 composite?
True
Is 3299 prime?
True
Is 19931 a composite number?
True
Is 72746 a prime number?
False
Is 769549 a composite number?
True
Is 1444523 a prime number?
True
Is 1235497 a composite number?
False
Is 2495 composite?
True
Is 55987 a composite number?
False
Is 86962 prime?
False
Is 305653 composite?
True
Is 24643 a prime number?
False
Is 1907 prime?
True
Is 70817 composite?
True
Is 23626 prime?
False
Is 2395 composite?
True
Is 293 composite?
False
Is 12799 a prime number?
True
Is 12373 a prime number?
True
Is 95063 a prime number?
True
Is 293 composite?
False
Is 11327 a prime number?
False
Is 9199 composite?
False
Is 38993 composite?
False
Is 3744401 a prime number?
True
Is 300073 a prime number?
True
Is 1707 a prime number?
False
Is 1117 a prime number?
True
Is 464591 prime?
True
Is 28169 prime?
False
Is 446041 a composite number?
False
Is 17129 a prime number?
False
Is 13049 a prime number?
True
Is 5851 a composite number?
False
Is 240145 a prime number?
False
Is 431921 composite?
True
Is 300877 prime?
True
Is 314159 composite?
False
Is 41359 prime?
False
Is 30341 a prime number?
True
Is 347579 prime?
True
Is 183611 composite?
False
Is 147853 a prime number?
True
Is 40841 a prime number?
True
Is 40207 prime?
False
Is 315539 composite?
True
Is 75947 a prime number?
False
Is 620817 composite?
True
Is 1779 a composite number?
True
Is 7001 a composite number?
False
Is 156719 prime?
True
Is 70673 a composite number?
True
Is 16127 prime?
True
Is 17753 composite?
True
Is 191071 composite?
False
Is 159383 composite?
True
Is 2897 composite?
False
Is 8947 a composite number?
True
Is 96619 composite?
True
Is 431611 composite?
False
Is 36739 a prime number?
True
Is 169183 a prime number?
False
Is 7349 prime?
True
Is 136909 a composite number?
True
Is 49415 prime?
False
Is 97367 a composite number?
False
Is 339041 a prime number?
False
Is 17335 a composite number?
True
Is 123077 a composite number?
False
Is 29861 a composite number?
True
Is 1447449 a composite number?
True
Is 137627 composite?
True
Is 28151 composite?
False
Is 904357 a prime number?
True
Is 124537 composite?
True
Is 73001 prime?
False
Is 5639 a composite number?
False
Is 170537 prime?
True
Is 24259 a prime number?
False
Is 2846233 prime?
False
Is 47903 prime?
True
Is 93131 composite?
False
Is 61135 composite?
True
Is 63269 a prime number?
False
Is 51077 composite?
True
Is 55133 a prime number?
False
Is 36145 a composite number?
True
Is 596157 composite?
True
Is 2095 a prime number?
False
Is 215653 a composite number?
False
Is 97213 a prime number?
True
Is 13579 a composite number?
True
Is 51047 prime?
True
Is 2692939 composite?
True
Is 32491 composite?
False
Is 3709 a composite number?
False
Is 50671 prime?
True
Is 17999 composite?
True
Is 412223 prime?
False
Is 83047 a prime number?
True
Is 491 composite?
False
Is 20183 a composite number?
False
Is 73819 composite?
False
Is 86839 a composite number?
True
Is 1863997 a composite number?
False
Is 8761 a prime number?
True
Is 17707 a prime number?
True
Is 993611 composite?
False
Is 83095 composite?
True
Is 39473 composite?
True
Is 34859 a composite number?
True
Is 4687 composite?
True
Is 9529 prime?
False
Is 20497 prime?
False
Is 109243 a composite number?
True
Is 164357 a composite number?
False
Is 10559 composite?
False
Is 23717 a prime number?
False
Is 9818 a prime number?
False
Is 2510191 composite?
True
Is 1477471 composite?
True
Is 18269 a composite number?
False
Is 13571 a prime number?
False
Is 12031 a composite number?
True
Is 70726 a composite number?
True
Is 700361 composite?
False
Is 30829 a composite number?
False
Is 17783 a composite number?
False
Is 10301 a prime number?
True
Is 15833 composite?
True
Is 1865 prime?
False
Is 39651 composite?
True
Is 207457 composite?
False
Is 826333 a prime number?
True
Is 4843 a prime number?
False
Is 16843 a composite number?
False
Is 83101 a prime number?
True
Is 17863 a prime number?
True
Is 2819 a composite number?
False
Is 34433 prime?
False
Is 55747 a prime number?
False
Is 1977301 prime?
True
Is 5433973 composite?
False
Is 152377 a prime number?
True
Is 257386 a prime number?
False
Is 782611 prime?
True
Is 1354591 a composite number?
True
Is 10709 a composite number?
False
Is 594593 composite?
True
Is 433439 prime?
True
Is 1630763 a composite number?
False
Is 91673 a composite number?
False
Is 42843 prime?
False
Is 233069 composite?
False
Is 212791 a prime number?
True
Is 6943 a composite number?
True
Is 55763 composite?
False
Is 58817 composite?
True
Is 32483 a prime number?
False
Is 367 a prime number?
True
Is 636119 composite?
True
Is 48571 a composite number?
False
Is 254279 prime?
True
Is 95447 prime?
False
Is 11303 prime?
False
Is 4481 a composite number?
False
Is 631 prime?
True
Is 259717 prime?
True
Is 269641 a prime number?
True
Is 70039 a composite number?
False
Is 13291 a composite number?
False
Is 210967 a composite number?
False
Is 12739 prime?
True
Is 2540782 prime?
False
Is 73693 a composite number?
False
Is 12574 composite?
True
Is 2553917 a prime number?
True
Is 68311 composite?
False
Is 8457 composite?
True
Is 479 a prime number?
True
Is 12143 composite?
False
Is 20047 prime?
True
Is 181813 composite?
False
Is 1895 prime?
False
Is 1313587 a prime number?
False
Is 3707 a prime number?
False
Is 21127 prime?
False
Is 24223 a composite number?
False
Is 18479 prime?
False
Is 370871 composite?
False
Is 13033 a prime number?
True
Is 153059 a composite number?
False
Is 4783 composite?
False
Is 13162 a prime number?
False
Is 66169 a composite number?
False
Is 1517 composite?
True
Is 3511 a prime number?
True
Is 2563 a prime number?
False
Is 1759 a composite number?
False
Is 16373 prime?
False
Is 2879 prime?
True
Is 16597 composite?
True
Is 12569 composite?
False
Is 45037 a composite number?
True
Is 97757 a prime number?
False
Is 543281 a composite number?
False
Is 45817 a composite number?
False
Is 92509 a prime number?
False
Is 5923 a composite number?
False
Is 106687 a prime number?
False
Is 46049 composite?
False
Is 163601 composite?
False
Is 98663 prime?
True
Is 425091 composite?
True
Is 146717 a prime number?
False
Is 88207 a composite number?
True
Is 2719 prime?
True
Is 1277 a prime number?
True
Is 1194751 a prime number?
True
Is 397 prime?
True
Is 551 prime?
False
Is 21269 a prime number?
True
Is 2483 composite?
True
Is 271163 a prime number?
True
Is 129299 a composite number?
True
Is 59441 composite?
False
Is 91453 a composite number?
False
Is 6385 prime?
False
Is 439539 composite?
True
Is 16999 a composite number?
True
Is 934357 composite?
True
Is 398281 a composite number?
True
Is 17663 prime?
False
Is 212171 a composite number?
True
Is 1373183 a composite number?
True
Is 55729 prime?
False
Is 5433 composite?
True
Is 47731 prime?
False
Is 701 a composite number?
False
Is 1226 a composite number?
True
Is 169003 prime?
True
Is 262129 a composite number?
True
Is 65281 a composite number?
True
Is 48163 a composite number?
False
Is 5919 prime?
False
Is 143749 a prime number?
False
Is 703006 a prime number?
False
Is 14779 composite?
False
Is 3799 composite?
True
Is 308461 composite?
True
Is 15619 prime?
True
Is 14461 a prime number?
True
Is 61253 composite?
False
Is 7789 a prime number?
True
Is 399842 a prime number?
False
Is 46909 composite?
True
Is 51477 a prime number?
False
Is 6898 prime?
False
Is 4783 prime?
True
Is 401843 a composite number?
True
Is 31601 composite?
False
Is 143 prime?
False
Is 13667 a composite number?
True
Is 29483 prime?
True
Is 6931 composite?
True
Is 94517 composite?
True
Is 35887 composite?
True
Is 325823 a prime number?
False
Is 2337469 composite?
True
Is 1914613 composite?
False
Is 1642 a composite number?
True
Is 298667 a composite number?
False
Is 23174 composite?
True
Is 312121 prime?
True
Is 14633 composite?
False
Is 1429723 a prime number?
False
Is 1403 prime?